{"id":36,"date":"2019-06-12T11:46:03","date_gmt":"2019-06-12T09:46:03","guid":{"rendered":"https:\/\/contrastudio.co\/?page_id=36"},"modified":"2022-02-09T11:43:33","modified_gmt":"2022-02-09T10:43:33","slug":"contacte","status":"publish","type":"page","link":"https:\/\/contrastudio.co\/ca\/contacte\/","title":{"rendered":"Contacte"},"content":{"rendered":"\t\t<div data-elementor-type=\"wp-post\" data-elementor-id=\"36\" class=\"elementor elementor-36\" data-elementor-post-type=\"page\">\n\t\t\t\t\t\t<section class=\"has_ae_slider elementor-section elementor-top-section elementor-element elementor-element-0e713ea primera_seccio_pagina_header elementor-section-boxed elementor-section-height-default elementor-section-height-default ae-bg-gallery-type-default\" data-id=\"0e713ea\" data-element_type=\"section\">\n\t\t\t\t\t\t<div class=\"elementor-container elementor-column-gap-default\">\n\t\t\t\t\t<div class=\"has_ae_slider elementor-column elementor-col-33 elementor-top-column elementor-element elementor-element-dc36b29 ae-bg-gallery-type-default\" data-id=\"dc36b29\" data-element_type=\"column\">\n\t\t\t<div class=\"elementor-widget-wrap elementor-element-populated\">\n\t\t\t\t\t\t<div class=\"elementor-element elementor-element-000bc07 mida16 elementor-widget elementor-widget-text-editor\" data-id=\"000bc07\" data-element_type=\"widget\" data-widget_type=\"text-editor.default\">\n\t\t\t\t<div class=\"elementor-widget-container\">\n\t\t\t\t\t\t\t\t\t<h1><\/h1>\n<h1>Contacte<\/h1>\n<p><a href=\"tel:0034633079538\">+34 633 079 538<\/a><br \/>\n<a href=\"mailto:hello@contrastudio.co\">hello@contrastudio.co<\/a><\/p>\n<h2>&#8211;<\/h2>\n<p><a href=\"https:\/\/www.instagram.com\/contrastudio.co\/\" target=\"_blank\" rel=\"noopener\">Instagram<\/a><br \/>\n<a href=\"https:\/\/www.behance.net\/contrastudio\" target=\"_blank\" rel=\"noopener\">Behance<\/a><br \/>\n<a href=\"https:\/\/twitter.com\/contra_studio\" target=\"_blank\" rel=\"noopener\">Twitter<\/a><br \/>\n<a href=\"http:\/\/linkedin.com\/company\/contrastudio\" target=\"_blank\" rel=\"noopener\">Linkedin<\/a><\/p>\n\t\t\t\t\t\t\t\t<\/div>\n\t\t\t\t<\/div>\n\t\t\t\t\t<\/div>\n\t\t<\/div>\n\t\t\t\t<div class=\"has_ae_slider elementor-column elementor-col-33 elementor-top-column elementor-element elementor-element-6950995 ae-bg-gallery-type-default\" data-id=\"6950995\" data-element_type=\"column\">\n\t\t\t<div class=\"elementor-widget-wrap elementor-element-populated\">\n\t\t\t\t\t\t\t<\/div>\n\t\t<\/div>\n\t\t\t\t<div class=\"has_ae_slider elementor-column elementor-col-33 elementor-top-column elementor-element elementor-element-3167770 ae-bg-gallery-type-default\" data-id=\"3167770\" data-element_type=\"column\">\n\t\t\t<div class=\"elementor-widget-wrap\">\n\t\t\t\t\t\t\t<\/div>\n\t\t<\/div>\n\t\t\t\t\t<\/div>\n\t\t<\/section>\n\t\t\t\t<\/div>\n\t\t","protected":false},"excerpt":{"rendered":"","protected":false},"author":1,"featured_media":0,"parent":0,"menu_order":0,"comment_status":"closed","ping_status":"closed","template":"","meta":{"_acf_changed":false,"footnotes":""},"class_list":["post-36","page","type-page","status-publish"],"acf":[],"yoast_head":"<!-- This site is optimized with the Yoast SEO plugin v26.8 - https:\/\/yoast.com\/product\/yoast-seo-wordpress\/ -->\n<title>Contra Studio - Contacte<\/title>\n<meta name=\"description\" content=\"Estudio de dise\u00f1o gr\u00e1fico especializado en identidades visuales, packaging, web, dise\u00f1o editorial, comunicaci\u00f3n online y offline, se\u00f1al\u00e9tica y motion graphics.\" \/>\n<meta name=\"robots\" content=\"index, follow, max-snippet:-1, max-image-preview:large, max-video-preview:-1\" \/>\n<link rel=\"canonical\" href=\"https:\/\/contrastudio.co\/ca\/contacte\/\" \/>\n<meta property=\"og:locale\" content=\"ca_ES\" \/>\n<meta property=\"og:type\" content=\"article\" \/>\n<meta property=\"og:title\" content=\"Contra Studio\" \/>\n<meta property=\"og:description\" content=\"Estudio de dise\u00f1o gr\u00e1fico especializado en identidades visuales, packaging, web, dise\u00f1o editorial, comunicaci\u00f3n online y offline, se\u00f1al\u00e9tica y motion graphics.\" \/>\n<meta property=\"og:url\" content=\"https:\/\/contrastudio.co\/ca\/contacte\/\" \/>\n<meta property=\"og:site_name\" content=\"Contra Studio\" \/>\n<meta property=\"article:modified_time\" content=\"2022-02-09T10:43:33+00:00\" \/>\n<meta property=\"og:image\" content=\"https:\/\/contrastudio.co\/ca\/wp-content\/uploads\/sites\/2\/ContraStudio-XXSS.jpg\" \/>\n\t<meta property=\"og:image:width\" content=\"1200\" \/>\n\t<meta property=\"og:image:height\" content=\"1200\" \/>\n\t<meta property=\"og:image:type\" content=\"image\/jpeg\" \/>\n<meta name=\"twitter:card\" content=\"summary_large_image\" \/>\n<meta name=\"twitter:title\" content=\"Contra Studio\" \/>\n<meta name=\"twitter:description\" content=\"Estudio de dise\u00f1o gr\u00e1fico especializado en identidades visuales, packaging, web, dise\u00f1o editorial, comunicaci\u00f3n online y offline, se\u00f1al\u00e9tica y motion graphics.\" \/>\n<meta name=\"twitter:image\" content=\"https:\/\/contrastudio.co\/ca\/wp-content\/uploads\/sites\/2\/ContraStudio-XXSS.jpg\" \/>\n<script type=\"application\/ld+json\" class=\"yoast-schema-graph\">{\"@context\":\"https:\/\/schema.org\",\"@graph\":[{\"@type\":\"WebPage\",\"@id\":\"https:\/\/contrastudio.co\/ca\/contacte\/\",\"url\":\"https:\/\/contrastudio.co\/ca\/contacte\/\",\"name\":\"Contra Studio - Contacte\",\"isPartOf\":{\"@id\":\"https:\/\/contrastudio.co\/ca\/#website\"},\"datePublished\":\"2019-06-12T09:46:03+00:00\",\"dateModified\":\"2022-02-09T10:43:33+00:00\",\"description\":\"Estudio de dise\u00f1o gr\u00e1fico especializado en identidades visuales, packaging, web, dise\u00f1o editorial, comunicaci\u00f3n online y offline, se\u00f1al\u00e9tica y motion graphics.\",\"breadcrumb\":{\"@id\":\"https:\/\/contrastudio.co\/ca\/contacte\/#breadcrumb\"},\"inLanguage\":\"ca\",\"potentialAction\":[{\"@type\":\"ReadAction\",\"target\":[\"https:\/\/contrastudio.co\/ca\/contacte\/\"]}]},{\"@type\":\"BreadcrumbList\",\"@id\":\"https:\/\/contrastudio.co\/ca\/contacte\/#breadcrumb\",\"itemListElement\":[{\"@type\":\"ListItem\",\"position\":1,\"name\":\"Inici\",\"item\":\"https:\/\/contrastudio.co\/ca\/\"},{\"@type\":\"ListItem\",\"position\":2,\"name\":\"Contacte\"}]},{\"@type\":\"WebSite\",\"@id\":\"https:\/\/contrastudio.co\/ca\/#website\",\"url\":\"https:\/\/contrastudio.co\/ca\/\",\"name\":\"Contra Studio\",\"description\":\"Dise\u00f1o gr\u00e1fico\",\"publisher\":{\"@id\":\"https:\/\/contrastudio.co\/ca\/#organization\"},\"potentialAction\":[{\"@type\":\"SearchAction\",\"target\":{\"@type\":\"EntryPoint\",\"urlTemplate\":\"https:\/\/contrastudio.co\/ca\/?s={search_term_string}\"},\"query-input\":{\"@type\":\"PropertyValueSpecification\",\"valueRequired\":true,\"valueName\":\"search_term_string\"}}],\"inLanguage\":\"ca\"},{\"@type\":\"Organization\",\"@id\":\"https:\/\/contrastudio.co\/ca\/#organization\",\"name\":\"Contra Studio\",\"url\":\"https:\/\/contrastudio.co\/ca\/\",\"logo\":{\"@type\":\"ImageObject\",\"inLanguage\":\"ca\",\"@id\":\"https:\/\/contrastudio.co\/ca\/#\/schema\/logo\/image\/\",\"url\":\"https:\/\/contrastudio.co\/ca\/wp-content\/uploads\/sites\/2\/ContraStudio-Logo-Web2.svg\",\"contentUrl\":\"https:\/\/contrastudio.co\/ca\/wp-content\/uploads\/sites\/2\/ContraStudio-Logo-Web2.svg\",\"width\":281,\"height\":39,\"caption\":\"Contra Studio\"},\"image\":{\"@id\":\"https:\/\/contrastudio.co\/ca\/#\/schema\/logo\/image\/\"}}]}<\/script>\n<!-- \/ Yoast SEO plugin. -->","yoast_head_json":{"title":"Contra Studio - Contacte","description":"Estudio de dise\u00f1o gr\u00e1fico especializado en identidades visuales, packaging, web, dise\u00f1o editorial, comunicaci\u00f3n online y offline, se\u00f1al\u00e9tica y motion graphics.","robots":{"index":"index","follow":"follow","max-snippet":"max-snippet:-1","max-image-preview":"max-image-preview:large","max-video-preview":"max-video-preview:-1"},"canonical":"https:\/\/contrastudio.co\/ca\/contacte\/","og_locale":"ca_ES","og_type":"article","og_title":"Contra Studio","og_description":"Estudio de dise\u00f1o gr\u00e1fico especializado en identidades visuales, packaging, web, dise\u00f1o editorial, comunicaci\u00f3n online y offline, se\u00f1al\u00e9tica y motion graphics.","og_url":"https:\/\/contrastudio.co\/ca\/contacte\/","og_site_name":"Contra Studio","article_modified_time":"2022-02-09T10:43:33+00:00","og_image":[{"width":1200,"height":1200,"url":"https:\/\/contrastudio.co\/ca\/wp-content\/uploads\/sites\/2\/ContraStudio-XXSS.jpg","type":"image\/jpeg"}],"twitter_card":"summary_large_image","twitter_title":"Contra Studio","twitter_description":"Estudio de dise\u00f1o gr\u00e1fico especializado en identidades visuales, packaging, web, dise\u00f1o editorial, comunicaci\u00f3n online y offline, se\u00f1al\u00e9tica y motion graphics.","twitter_image":"https:\/\/contrastudio.co\/ca\/wp-content\/uploads\/sites\/2\/ContraStudio-XXSS.jpg","schema":{"@context":"https:\/\/schema.org","@graph":[{"@type":"WebPage","@id":"https:\/\/contrastudio.co\/ca\/contacte\/","url":"https:\/\/contrastudio.co\/ca\/contacte\/","name":"Contra Studio - Contacte","isPartOf":{"@id":"https:\/\/contrastudio.co\/ca\/#website"},"datePublished":"2019-06-12T09:46:03+00:00","dateModified":"2022-02-09T10:43:33+00:00","description":"Estudio de dise\u00f1o gr\u00e1fico especializado en identidades visuales, packaging, web, dise\u00f1o editorial, comunicaci\u00f3n online y offline, se\u00f1al\u00e9tica y motion graphics.","breadcrumb":{"@id":"https:\/\/contrastudio.co\/ca\/contacte\/#breadcrumb"},"inLanguage":"ca","potentialAction":[{"@type":"ReadAction","target":["https:\/\/contrastudio.co\/ca\/contacte\/"]}]},{"@type":"BreadcrumbList","@id":"https:\/\/contrastudio.co\/ca\/contacte\/#breadcrumb","itemListElement":[{"@type":"ListItem","position":1,"name":"Inici","item":"https:\/\/contrastudio.co\/ca\/"},{"@type":"ListItem","position":2,"name":"Contacte"}]},{"@type":"WebSite","@id":"https:\/\/contrastudio.co\/ca\/#website","url":"https:\/\/contrastudio.co\/ca\/","name":"Contra Studio","description":"Dise\u00f1o gr\u00e1fico","publisher":{"@id":"https:\/\/contrastudio.co\/ca\/#organization"},"potentialAction":[{"@type":"SearchAction","target":{"@type":"EntryPoint","urlTemplate":"https:\/\/contrastudio.co\/ca\/?s={search_term_string}"},"query-input":{"@type":"PropertyValueSpecification","valueRequired":true,"valueName":"search_term_string"}}],"inLanguage":"ca"},{"@type":"Organization","@id":"https:\/\/contrastudio.co\/ca\/#organization","name":"Contra Studio","url":"https:\/\/contrastudio.co\/ca\/","logo":{"@type":"ImageObject","inLanguage":"ca","@id":"https:\/\/contrastudio.co\/ca\/#\/schema\/logo\/image\/","url":"https:\/\/contrastudio.co\/ca\/wp-content\/uploads\/sites\/2\/ContraStudio-Logo-Web2.svg","contentUrl":"https:\/\/contrastudio.co\/ca\/wp-content\/uploads\/sites\/2\/ContraStudio-Logo-Web2.svg","width":281,"height":39,"caption":"Contra Studio"},"image":{"@id":"https:\/\/contrastudio.co\/ca\/#\/schema\/logo\/image\/"}}]}},"_links":{"self":[{"href":"https:\/\/contrastudio.co\/ca\/wp-json\/wp\/v2\/pages\/36","targetHints":{"allow":["GET"]}}],"collection":[{"href":"https:\/\/contrastudio.co\/ca\/wp-json\/wp\/v2\/pages"}],"about":[{"href":"https:\/\/contrastudio.co\/ca\/wp-json\/wp\/v2\/types\/page"}],"author":[{"embeddable":true,"href":"https:\/\/contrastudio.co\/ca\/wp-json\/wp\/v2\/users\/1"}],"replies":[{"embeddable":true,"href":"https:\/\/contrastudio.co\/ca\/wp-json\/wp\/v2\/comments?post=36"}],"version-history":[{"count":26,"href":"https:\/\/contrastudio.co\/ca\/wp-json\/wp\/v2\/pages\/36\/revisions"}],"predecessor-version":[{"id":1868,"href":"https:\/\/contrastudio.co\/ca\/wp-json\/wp\/v2\/pages\/36\/revisions\/1868"}],"wp:attachment":[{"href":"https:\/\/contrastudio.co\/ca\/wp-json\/wp\/v2\/media?parent=36"}],"curies":[{"name":"wp","href":"https:\/\/api.w.org\/{rel}","templated":true}]}}

<!-- This site is optimized with the Yoast SEO plugin v26.8 - https://yoast.com/product/yoast-seo-wordpress/ -->
<title>Contra Studio - Contacte</title>
<meta name="description" content="Estudio de diseño gráfico especializado en identidades visuales, packaging, web, diseño editorial, comunicación online y offline, señalética y motion graphics." />
<meta name="robots" content="index, follow, max-snippet:-1, max-image-preview:large, max-video-preview:-1" />
<link rel="canonical" href="https://contrastudio.co/ca/contacte/" />
<meta property="og:locale" content="ca_ES" />
<meta property="og:type" content="article" />
<meta property="og:title" content="Contra Studio" />
<meta property="og:description" content="Estudio de diseño gráfico especializado en identidades visuales, packaging, web, diseño editorial, comunicación online y offline, señalética y motion graphics." />
<meta property="og:url" content="https://contrastudio.co/ca/contacte/" />
<meta property="og:site_name" content="Contra Studio" />
<meta property="article:modified_time" content="2022-02-09T10:43:33+00:00" />
<meta property="og:image" content="https://contrastudio.co/ca/wp-content/uploads/sites/2/ContraStudio-XXSS.jpg" />
	<meta property="og:image:width" content="1200" />
	<meta property="og:image:height" content="1200" />
	<meta property="og:image:type" content="image/jpeg" />
<meta name="twitter:card" content="summary_large_image" />
<meta name="twitter:title" content="Contra Studio" />
<meta name="twitter:description" content="Estudio de diseño gráfico especializado en identidades visuales, packaging, web, diseño editorial, comunicación online y offline, señalética y motion graphics." />
<meta name="twitter:image" content="https://contrastudio.co/ca/wp-content/uploads/sites/2/ContraStudio-XXSS.jpg" />
<script type="application/ld+json" class="yoast-schema-graph">{"@context":"https://schema.org","@graph":[{"@type":"WebPage","@id":"https://contrastudio.co/ca/contacte/","url":"https://contrastudio.co/ca/contacte/","name":"Contra Studio - Contacte","isPartOf":{"@id":"https://contrastudio.co/ca/#website"},"datePublished":"2019-06-12T09:46:03+00:00","dateModified":"2022-02-09T10:43:33+00:00","description":"Estudio de diseño gráfico especializado en identidades visuales, packaging, web, diseño editorial, comunicación online y offline, señalética y motion graphics.","breadcrumb":{"@id":"https://contrastudio.co/ca/contacte/#breadcrumb"},"inLanguage":"ca","potentialAction":[{"@type":"ReadAction","target":["https://contrastudio.co/ca/contacte/"]}]},{"@type":"BreadcrumbList","@id":"https://contrastudio.co/ca/contacte/#breadcrumb","itemListElement":[{"@type":"ListItem","position":1,"name":"Inici","item":"https://contrastudio.co/ca/"},{"@type":"ListItem","position":2,"name":"Contacte"}]},{"@type":"WebSite","@id":"https://contrastudio.co/ca/#website","url":"https://contrastudio.co/ca/","name":"Contra Studio","description":"Diseño gráfico","publisher":{"@id":"https://contrastudio.co/ca/#organization"},"potentialAction":[{"@type":"SearchAction","target":{"@type":"EntryPoint","urlTemplate":"https://contrastudio.co/ca/?s={search_term_string}"},"query-input":{"@type":"PropertyValueSpecification","valueRequired":true,"valueName":"search_term_string"}}],"inLanguage":"ca"},{"@type":"Organization","@id":"https://contrastudio.co/ca/#organization","name":"Contra Studio","url":"https://contrastudio.co/ca/","logo":{"@type":"ImageObject","inLanguage":"ca","@id":"https://contrastudio.co/ca/#/schema/logo/image/","url":"https://contrastudio.co/ca/wp-content/uploads/sites/2/ContraStudio-Logo-Web2.svg","contentUrl":"https://contrastudio.co/ca/wp-content/uploads/sites/2/ContraStudio-Logo-Web2.svg","width":281,"height":39,"caption":"Contra Studio"},"image":{"@id":"https://contrastudio.co/ca/#/schema/logo/image/"}}]}</script>
<!-- / Yoast SEO plugin. -->

Estudio de diseño gráfico especializado en identidades visuales, packaging, web, diseño editorial, comunicación online y offline, señalética y motion graphics.

Diseño gráfico
